050 and 450.
50
Calculate the greatest common divisor of 98 and 35996.
2
What is the greatest common factor of 61195 and 19330?
5
Calculate the highest common factor of 1336835 and 5.
5
Calculate the greatest common divisor of 17116448 and 96.
32
Calculate the greatest common factor of 21957 and 16111371.
1689
What is the highest common divisor of 294 and 94444266?
294
What is the highest common divisor of 1530 and 12154830?
510
Calculate the greatest common factor of 1072784 and 432.
16
What is the greatest common divisor of 6705 and 17540727?
447
Calculate the highest common factor of 42761817 and 5202.
153
Calculate the highest common divisor of 17 and 3203026.
1
Calculate the greatest common divisor of 20824 and 12743072.
152
Calculate the highest common divisor of 25029498 and 1482.
1482
What is the highest common divisor of 282492 and 30704?
76
Calculate the highest common divisor of 45 and 191049465.
15
What is the highest common divisor of 10989199 and 2559?
853
What is the greatest common divisor of 808861716 and 180?
36
What is the highest common factor of 14880 and 37439320?
1240
Calculate the highest common divisor of 106938015 and 5321.
313
Calculate the highest common factor of 51350 and 19305.
65
What is the greatest common factor of 375114 and 16738998?
3714
Calculate the highest common divisor of 1676742 and 21243.
291
Calculate the highest common divisor of 101976 and 188076.
84
What is the highest common factor of 22706595 and 2655?
45
Calculate the highest common factor of 248 and 2592685.
31
Calculate the greatest common factor of 4879 and 324275.
119
Calculate the greatest common factor of 45 and 69464079.
9
Calculate the greatest common factor of 11419620 and 14790.
870
Calculate the greatest common factor of 6158144 and 320.
64
What is the greatest common divisor of 7654 and 45361431?
3827
What is the greatest common factor of 30 and 244943295?
15
Calculate the highest common divisor of 8084937 and 875.
7
What is the highest common divisor of 10066 and 601538?
14
What is the highest common divisor of 22 and 633428?
2
What is the highest common divisor of 4010383538 and 34?
34
What is the greatest common factor of 20017510 and 100?
10
What is the highest common divisor of 106193 and 221759?
103
Calculate the greatest common factor of 220016188 and 9968.
2492
Calculate the greatest common divisor of 1039784422 and 424.
106
What is the highest common factor of 7598 and 182526?
58
What is the highest common divisor of 28050 and 103326?
102
Calculate the highest common divisor of 60 and 4207587.
3
What is the highest common factor of 98010 and 42930?
810
Calculate the greatest common divisor of 4867576 and 252.
28
Calculate the greatest common factor of 523606 and 16878.
194
Calculate the greatest common factor of 42384 and 72048.
48
What is the highest common divisor of 154 and 83160550?
22
What is the greatest common divisor of 116220 and 2720250?
390
What is the highest common factor of 400 and 17939050?
50
Calculate the greatest common factor of 561 and 53091731.
187
Calculate the greatest common factor of 8554 and 9744.
14
What is the highest common factor of 5730520 and 80?
40
Calculate the highest common factor of 173308712 and 8.
8
What is the highest common factor of 35 and 760122895?
35
Calculate the greatest common factor of 1613 and 605166953.
1613
Calculate the highest common factor of 142890 and 672882.
2598
Calculate the greatest common divisor of 2076 and 10753334.
346
What is the greatest common factor of 764567 and 11?
1
Calculate the greatest common divisor of 16632 and 3693459.
231
Calculate the highest common factor of 528 and 16047240.
264
What is the highest common divisor of 2178344 and 11270?
98
What is the greatest common divisor of 2636437848 and 528?
264
Calculate the highest common factor of 5408977 and 399.
133
What is the highest common divisor of 48472820 and 1264?
316
Calculate the highest common divisor of 96 and 432444.
12
What is the greatest common factor of 16674750 and 1125?
1125
Calculate the greatest common factor of 115867808 and 128.
32
What is the greatest common divisor of 8338 and 2963554?
22
What is the highest common divisor of 44700167 and 359?
359
Calculate the highest common factor of 983 and 43976471.
983
What is the highest common divisor of 120 and 1283415?
15
What is the greatest common divisor of 1203536873 and 11?
11
What is the highest common divisor of 70 and 6719230?
70
What is the greatest common divisor of 97062 and 4298?
14
What is the highest common divisor of 3525340 and 3535?
35
What is the highest common divisor of 6963 and 15442035?
633
Calculate the highest common divisor of 783 and 629677.
29
Calculate the highest common factor of 17573280 and 103168.
992
Calculate the greatest common divisor of 10191 and 2802783.
129
Calculate the greatest common factor of 185913989 and 289.
289
Calculate the highest common divisor of 481819 and 923724.
2851
What is the highest common factor of 4555639 and 638?
319
Calculate the highest common divisor of 182196 and 15750.
126
Calculate the greatest common divisor of 308 and 46640986.
14
What is the highest common divisor of 548138754 and 5064?
1266
Calculate the highest common divisor of 42300582 and 24318.
1158
What is the highest common divisor of 43384 and 667?
29
Calculate the greatest common divisor of 541035264 and 84.
84
Calculate the greatest common factor of 317 and 34498159.
317
What is the highest common divisor of 2070 and 4731795?
45
Calculate the greatest common divisor of 6195210 and 20.
10
Calculate the greatest common factor of 2412 and 19557836.
268
What is the highest common factor of 112789 and 734053?
1849
What is the greatest common divisor of 754 and 45508424?
754
What is the greatest common divisor of 84487 and 50843?
13
Calculate the greatest common divisor of 14560 and 43717856.
2912
Calculate the highest common divisor of 61181 and 669187.
317
What is the highest common factor of 14 and 18472?
2
What is the highest common factor of 87093806 and 762?
254
What is the highest common factor of 508485 and 3108135?
1635
Calculate the greatest common factor of 121332704 and 256.
32
Calculate the greatest common divisor of 830 and 5091635.
415
What is the highest common divisor of 322 and 460445671?
161
What is the highest common divisor of 2757608 and 6800?
8
What is the highest common divisor of 192453838 and 34?
34
Calculate the greatest common divisor of 256 and 287136256.
256
What is the greatest common divisor of 3689173 and 475?
19
Calculate the highest common factor of 19411329 and 13296.
831
What is the greatest common divisor of 6885 and 1227315?
255
Calculate the highest common divisor of 732870 and 61791.
1437
Calculate the highest common factor of 39760392 and 14616.
4872
What is the highest common divisor of 50064 and 20502?
6
Calculate the highest common factor of 219 and 127923.
3
Calculate the highest common factor of 222000 and 535760.
2960
What is the greatest common factor of 6588436 and 3527?
3527
Calculate the greatest common divisor of 13 and 57197218.
13
Calculate the highest common factor of 44 and 100698686.
22
Calculate the highest common divisor of 14600 and 4907425.
1825
Calculate the highest common factor of 7848468 and 4764.
12
What is the highest common factor of 1970400 and 8600?
200
What is the greatest common factor of 44800 and 91070?
70
What is the highest common factor of 207 and 26578593?
207
Calculate the greatest common factor of 1032258 and 1032.
258
What is the highest common divisor of 18121727 and 130?
13
What is the greatest common divisor of 3392 and 287896?
424
Calculate the highest common divisor of 307 and 56087.
1
What is the greatest common factor of 191898624 and 384?
384
What is the greatest common divisor of 774 and 4242036?
258
What is the highest common factor of 394 and 360292906?
394
What is the highest common factor of 3520 and 191429920?
1760
What is the highest common divisor of 67094713 and 193?
193
Calculate the highest common factor of 539 and 1803109.
77
What is the highest common divisor of 254202129 and 27?
9
What is the greatest common factor of 41248 and 39136?
32
What is the greatest common factor of 9784 and 24064?
8
What is th